[INFO] fetching crate serial-windows 0.4.0...
[INFO] checking serial-windows-0.4.0 against master#af3c6e733a40e671550e0f0f5aeecaa13772ba56 for pr-74989
[INFO] extracting crate serial-windows 0.4.0 into /workspace/builds/worker-8/source
[INFO] validating manifest of crates.io crate serial-windows 0.4.0 on toolchain af3c6e733a40e671550e0f0f5aeecaa13772ba56
[INFO] running `Command { std: "/workspace/cargo-home/bin/cargo" "+af3c6e733a40e671550e0f0f5aeecaa13772ba56" "read-manifest" "--manifest-path" "Cargo.toml", kill_on_drop: false }`
[INFO] started tweaking crates.io crate serial-windows 0.4.0
[INFO] finished tweaking crates.io crate serial-windows 0.4.0
[INFO] tweaked toml for crates.io crate serial-windows 0.4.0 written to /workspace/builds/worker-8/source/Cargo.toml
[INFO] running `Command { std: "/workspace/cargo-home/bin/cargo" "+af3c6e733a40e671550e0f0f5aeecaa13772ba56" "generate-lockfile" "--manifest-path" "Cargo.toml" "-Zno-index-update", kill_on_drop: false }`
[INFO] running `Command { std: "/workspace/cargo-home/bin/cargo" "+af3c6e733a40e671550e0f0f5aeecaa13772ba56" "fetch" "--locked" "--manifest-path" "Cargo.toml", kill_on_drop: false }`
[INFO] running `Command { std: "docker" "create" "-v" "/var/lib/crater-agent-workspace/builds/worker-8/target:/opt/rustwide/target:rw,Z" "-v" "/var/lib/crater-agent-workspace/builds/worker-8/source:/opt/rustwide/workdir:ro,Z" "-v" "/var/lib/crater-agent-workspace/cargo-home:/opt/rustwide/cargo-home:ro,Z" "-v" "/var/lib/crater-agent-workspace/rustup-home:/opt/rustwide/rustup-home:ro,Z" "-e" "SOURCE_DIR=/opt/rustwide/workdir" "-e" "CARGO_TARGET_DIR=/opt/rustwide/target" "-e" "CARGO_HOME=/opt/rustwide/cargo-home" "-e" "RUSTUP_HOME=/opt/rustwide/rustup-home" "-w" "/opt/rustwide/workdir" "-m" "1610612736" "--user" "0:0" "--network" "none" "rustops/crates-build-env@sha256:d92eaeed33fa75130ca1ee6c8a01d1ffb62bac859dfdfb3450e3e5d1c0146529" "/opt/rustwide/cargo-home/bin/cargo" "+af3c6e733a40e671550e0f0f5aeecaa13772ba56" "metadata" "--no-deps" "--format-version=1", kill_on_drop: false }`
[INFO] [stdout] 1e2bb59592c6af9e77882a6e923916b639e0a83428ff79d64553901576dbc49a
[INFO] [stderr] WARNING: Your kernel does not support swap limit capabilities or the cgroup is not mounted. Memory limited without swap.
[INFO] running `Command { std: "docker" "start" "-a" "1e2bb59592c6af9e77882a6e923916b639e0a83428ff79d64553901576dbc49a", kill_on_drop: false }`
[INFO] running `Command { std: "docker" "inspect" "1e2bb59592c6af9e77882a6e923916b639e0a83428ff79d64553901576dbc49a", kill_on_drop: false }`
[INFO] running `Command { std: "docker" "rm" "-f" "1e2bb59592c6af9e77882a6e923916b639e0a83428ff79d64553901576dbc49a", kill_on_drop: false }`
[INFO] [stdout] 1e2bb59592c6af9e77882a6e923916b639e0a83428ff79d64553901576dbc49a
[INFO] running `Command { std: "docker" "create" "-v" "/var/lib/crater-agent-workspace/builds/worker-8/target:/opt/rustwide/target:rw,Z" "-v" "/var/lib/crater-agent-workspace/builds/worker-8/source:/opt/rustwide/workdir:ro,Z" "-v" "/var/lib/crater-agent-workspace/cargo-home:/opt/rustwide/cargo-home:ro,Z" "-v" "/var/lib/crater-agent-workspace/rustup-home:/opt/rustwide/rustup-home:ro,Z" "-e" "SOURCE_DIR=/opt/rustwide/workdir" "-e" "CARGO_TARGET_DIR=/opt/rustwide/target" "-e" "CARGO_INCREMENTAL=0" "-e" "RUST_BACKTRACE=full" "-e" "RUSTFLAGS=--cap-lints=forbid" "-e" "CARGO_HOME=/opt/rustwide/cargo-home" "-e" "RUSTUP_HOME=/opt/rustwide/rustup-home" "-w" "/opt/rustwide/workdir" "-m" "1610612736" "--user" "0:0" "--network" "none" "rustops/crates-build-env@sha256:d92eaeed33fa75130ca1ee6c8a01d1ffb62bac859dfdfb3450e3e5d1c0146529" "/opt/rustwide/cargo-home/bin/cargo" "+af3c6e733a40e671550e0f0f5aeecaa13772ba56" "check" "--frozen" "--all" "--all-targets" "--message-format=json", kill_on_drop: false }`
[INFO] [stdout] bef62c7ba9de883431ad041308322187fc2a2064618e3b8999a3d8a140754da0
[INFO] [stderr] WARNING: Your kernel does not support swap limit capabilities or the cgroup is not mounted. Memory limited without swap.
[INFO] running `Command { std: "docker" "start" "-a" "bef62c7ba9de883431ad041308322187fc2a2064618e3b8999a3d8a140754da0", kill_on_drop: false }`
[INFO] [stderr]     Checking serial-core v0.4.0
[INFO] [stderr]     Checking serial-windows v0.4.0 (/opt/rustwide/workdir)
[INFO] [stdout] error[E0433]: failed to resolve: could not find `windows` in `os`
[INFO] [stdout]   --> src/com.rs:10:14
[INFO] [stdout]    |
[INFO] [stdout] 10 | use std::os::windows::prelude::*;
[INFO] [stdout]    |              ^^^^^^^ could not find `windows` in `os`
[INFO] [stdout] 
[INFO] [stdout] 
[INFO] [stdout] error[E0432]: unresolved imports `core`, `error`
[INFO] [stdout]  --> src/com.rs:1:5
[INFO] [stdout]   |
[INFO] [stdout] 1 | use core;
[INFO] [stdout]   |     ^^^^
[INFO] [stdout] 2 | use error;
[INFO] [stdout]   |     ^^^^^
[INFO] [stdout] 
[INFO] [stdout] 
[INFO] [stdout] error[E0433]: failed to resolve: could not find `windows` in `os`
[INFO] [stdout]   --> src/com.rs:10:14
[INFO] [stdout]    |
[INFO] [stdout] 10 | use std::os::windows::prelude::*;
[INFO] [stdout]    |              ^^^^^^^ could not find `windows` in `os`
[INFO] [stdout] 
[INFO] [stdout] 
[INFO] [stdout] error[E0432]: unresolved imports `core`, `error`
[INFO] [stdout]  --> src/com.rs:1:5
[INFO] [stdout]   |
[INFO] [stdout] 1 | use core;
[INFO] [stdout]   |     ^^^^
[INFO] [stdout] 2 | use error;
[INFO] [stdout]   |     ^^^^^
[INFO] [stdout] 
[INFO] [stdout] 
[INFO] [stdout] error[E0405]: cannot find trait `AsRawHandle` in this scope
[INFO] [stdout]   --> src/com.rs:94:6
[INFO] [stdout]    |
[INFO] [stdout] 94 | impl AsRawHandle for COMPort {
[INFO] [stdout]    |      ^^^^^^^^^^^ not found in this scope
[INFO] [stdout] 
[INFO] [stdout] 
[INFO] [stdout] error[E0412]: cannot find type `RawHandle` in this scope
[INFO] [stdout]   --> src/com.rs:95:32
[INFO] [stdout]    |
[INFO] [stdout] 95 |     fn as_raw_handle(&self) -> RawHandle {
[INFO] [stdout]    |                                ^^^^^^^^^ not found in this scope
[INFO] [stdout] 
[INFO] [stdout] 
[INFO] [stdout] warning: use of deprecated macro `try`: use the `?` operator instead
[INFO] [stdout]   --> src/com.rs:61:13
[INFO] [stdout]    |
[INFO] [stdout] 61 |             try!(port.set_timeout(timeout));
[INFO] [stdout]    |             ^^^
[INFO] [stdout]    |
[INFO] [stdout]    = note: `#[warn(deprecated)]` on by default
[INFO] [stdout] 
[INFO] [stdout] 
[INFO] [stdout] error: aborting due to 4 previous errors; 1 warning emitted
[INFO] [stdout] 
[INFO] [stdout] 
[INFO] [stdout] Some errors have detailed explanations: E0405, E0412, E0432, E0433.
[INFO] [stdout] 
[INFO] [stdout] For more information about an error, try `rustc --explain E0405`.
[INFO] [stdout] 
[INFO] [stderr] error: could not compile `serial-windows`.
[INFO] [stderr] 
[INFO] [stderr] To learn more, run the command again with --verbose.
[INFO] [stderr] warning: build failed, waiting for other jobs to finish...
[INFO] [stdout] error[E0405]: cannot find trait `AsRawHandle` in this scope
[INFO] [stdout]   --> src/com.rs:94:6
[INFO] [stdout]    |
[INFO] [stdout] 94 | impl AsRawHandle for COMPort {
[INFO] [stdout]    |      ^^^^^^^^^^^ not found in this scope
[INFO] [stdout] 
[INFO] [stdout] 
[INFO] [stdout] error[E0412]: cannot find type `RawHandle` in this scope
[INFO] [stdout]   --> src/com.rs:95:32
[INFO] [stdout]    |
[INFO] [stdout] 95 |     fn as_raw_handle(&self) -> RawHandle {
[INFO] [stdout]    |                                ^^^^^^^^^ not found in this scope
[INFO] [stdout] 
[INFO] [stdout] 
[INFO] [stdout] warning: use of deprecated macro `try`: use the `?` operator instead
[INFO] [stdout]   --> src/com.rs:61:13
[INFO] [stdout]    |
[INFO] [stdout] 61 |             try!(port.set_timeout(timeout));
[INFO] [stdout]    |             ^^^
[INFO] [stdout]    |
[INFO] [stdout]    = note: `#[warn(deprecated)]` on by default
[INFO] [stdout] 
[INFO] [stdout] 
[INFO] [stdout] error: aborting due to 4 previous errors; 1 warning emitted
[INFO] [stdout] 
[INFO] [stdout] 
[INFO] [stdout] Some errors have detailed explanations: E0405, E0412, E0432, E0433.
[INFO] [stdout] 
[INFO] [stdout] For more information about an error, try `rustc --explain E0405`.
[INFO] [stdout] 
[INFO] [stderr] error: build failed
[INFO] running `Command { std: "docker" "inspect" "bef62c7ba9de883431ad041308322187fc2a2064618e3b8999a3d8a140754da0", kill_on_drop: false }`
[INFO] running `Command { std: "docker" "rm" "-f" "bef62c7ba9de883431ad041308322187fc2a2064618e3b8999a3d8a140754da0", kill_on_drop: false }`
[INFO] [stdout] bef62c7ba9de883431ad041308322187fc2a2064618e3b8999a3d8a140754da0
